er when 124 + -5 + (6 - -7) is divided by 13?
2
Suppose -31 = -3*k + 11. Suppose 0*v + 48 = 3*v. Calculate the remainder when (v + 3 - -1)*2 is divided by k.
12
Let s(p) = p**3 + 4*p**2 - 26*p - 43. What is the remainder when s(-5) is divided by 14?
6
Suppose -405*n = 3*w - 407*n - 824, w - 4*n = 258. What is the remainder when 929 is divided by w?
95
Let u be (-48)/7 + 246/287. Calculate the remainder when 4 is divided by (-4 + (u - -2))/((-4)/2).
0
Suppose -60*l = 337*l - 235024. Calculate the remainder when l is divided by 26.
20
Let i = 44 - 67. Let l = 39 + i. What is the remainder when ((-12)/l + 15/12)*110 is divided by 28?
27
Let w = 11106 + -6895. What is the remainder when w is divided by 57?
50
Let r(l) = 44*l + 754. Calculate the remainder when r(-7) is divided by 64.
62
Let c(t) = 667*t**2 + 45*t + 47. What is the remainder when c(-1) is divided by 65?
19
Suppose -4*j + 9*j = h + 2538, -4*j - 5*h + 2042 = 0. Suppose 11*u = 317 + j. What is the remainder when 218 is divided by u?
68
Suppose -4*y - 29519 = -5*d, 0 = -8*d + 11*d - y - 17710. What is the remainder when d is divided by 197?
190
Let s be 1046/7 + 4/7. Let u = s + -21. Suppose 5*v = 56 + 109. Calculate the remainder when u is divided by v.
30
Let i = 664 + -654. Suppose 5*c + t - 241 = 0, -4*c - i*t + 15*t + 187 = 0. Calculate the remainder when c is divided by 14.
6
Let d = 23775 - 16602. What is the remainder when d is divided by 24?
21
Let q(o) = o**3 - 7*o**2 + 7*o - 20. Let c be q(5). What is the remainder when 67 is divided by -2 + (-8)/40*c?
2
Let u(d) = -d**3 + 17*d**2 - d + 17. Let q be 464/28 - -3*5/35. Let x be u(q). Suppose 0 = 4*p - 616 - x. Calculate the remainder when p is divided by 26.
24
Let u(i) = 35*i - 46. Let q(s) = -s**3 - 7*s**2 - 11*s - 26. Let v be q(-6). Calculate the remainder when u(v) is divided by 19.
18
Let h(k) be the second derivative of k**5/20 - 3*k**4/4 - k**3 - 4*k**2 - 4*k + 5. Calculate the remainder when 55 is divided by h(10).
23
Suppose -3*c = k - 17, c - 2*k = -3*c + 26. Let d = 6767 - 6731. Calculate the remainder when d is divided by c.
0
Suppose 39*s + 6450 = 186*s + 68*s. Calculate the remainder when (0 - -2) + (148 - 2) is divided by s.
28
Suppose 10140*n = 10112*n + 700. What is the remainder when 14598 is divided by n?
23
Let z be 330 + (-49)/(8 - 15). Let u = 359 - z. Calculate the remainder when 108 is divided by u.
20
Suppose s + i = -4*s + 118, 112 = 5*s - i. Suppose q + 2*n + n - 139 = 0, 5*n - 645 = -5*q. Calculate the remainder when q is divided by (s - 7)/((-2)/(-4)).
28
Let u = -18224 - -18261. What is the remainder when 1146 is divided by u?
36
Let p = 2417 - 1576. Suppose -22*k - 115 = -p. Let w = 57 + 5. What is the remainder when w is divided by k?
29
Suppose 4*c + 4533 = 2*p - 1643, -5*p + 2*c = -15496. Calculate the remainder when p is divided by 50.
2
Let r be -1*(2 + -5 + (-2 - -5)). Let k(u) = 11 + r*u**2 - 5*u - 4 + 1 + u**2. Calculate the remainder when 62 is divided by k(8).
30
Let k(m) = -m**3 + 5*m**2 + 2*m + 1. Suppose 3*d - j = -2*j + 6308, d = 4*j + 2081. Calculate the remainder when 3/12 + d/44 is divided by k(4).
23
Let s(a) = 2*a - 1. Suppose -523*g = -227*g - 6512. What is the remainder when g is divided by s(6)?
0
Let c be (0 - (-20)/(-8))/(1/(-2)). Let v(n) = 17*n - 22. Let d(w) = 35*w - 44. Let j(q) = c*v(q) - 2*d(q). Calculate the remainder when 74 is divided by j(4).
36
Let r(a) = a**3 + 3*a**2 + 22*a + 116. Let j = 13 - 33. Let t = 29 + j. What is the remainder when r(-4) is divided by t?
3
Suppose 102*p - 208*p + 306 = -100*p. What is the remainder when 359 is divided by p?
2
Let f(y) = -y - 1. Let k be f(3). Let l(i) = -i**2 - 8*i - 8. Suppose -4*u + 43 = -49. Calculate the remainder when u is divided by l(k).
7
Let u = -3531 + 3550. Calculate the remainder when u is divided by 11.
8
Let n = -57314 + 57620. Let x(b) = 29*b**2 - b. What is the remainder when n is divided by x(1)?
26
Suppose 4*c - 112 = -2*h, -28*c = -32*c - 7*h + 122. Let k be (-5)/(-2 + 3/2). Suppose 0 = -2*n + k + 6. What is the remainder when c is divided by n?
3
Let q = -33 + 51. Calculate the remainder when (6*(2 - 1))/(12272/(-650) - -19) is divided by q.
14
Suppose 537 = 2*s - 675. Calculate the remainder when s is divided by 19.
17
Let l(k) = -21*k + 1046. What is the remainder when l(-35) is divided by 15?
11
Let w(d) = -3*d**2 - 209*d - 3. What is the remainder when w(-69) is divided by 104/3 - (-2)/(-3)?
33
Suppose -95 - 29 = -2*z - w + 26, 0 = -w. Calculate the remainder when 1274 is divided by z.
74
Suppose 12*o + 1548 = 48*o. What is the remainder when 1545 is divided by o?
40
Let z be 188/(-16)*(2 + 10 + 0). Let g = -103 - z. What is the remainder when 185 is divided by g?
33
Let t(f) = f**3 - 7*f**2 + 3*f - 10. Let y be -3 - (-4)/3*6/1. Let q be t(y). What is the remainder when 52 is divided by (-1*q/25)/(2/10)?
7
What is the remainder when 703 is divided by (-5 - -3) + (-7 - (-29 + 4))?
15
Suppose 7*b - 310 = -24*b. Calculate the remainder when 1678 is divided by b.
8
Suppose 0 = 18*v + 5 - 2147. What is the remainder when v - 4*(-6)/(-5 - -17) is divided by (1 - -28) + -1 + 3?
28
Suppose 3593*a - 3594*a + 996 = 0. Calculate the remainder when a is divided by 169.
151
Let z(h) = -11*h**3 + 26*h**2 - 9*h + 85. Let m(d) = 5*d**3 - 12*d**2 + 5*d - 42. Let o(x) = 9*m(x) + 4*z(x). What is the remainder when 254 is divided by o(5)?
30
Let a be (6/(-8))/((-22)/16368). Suppose 5*q - a - 67 = 0. Calculate the remainder when q is divided by 16.
13
Let u(p) = -48*p - 2*p**2 + 7*p**2 + 16 + 22 - 3*p**2. Calculate the remainder when 301 is divided by u(24).
35
Suppose -11*x - 68 = -409. Let s(w) = -w**2 - 34*w - 167. Calculate the remainder when s(-17) is divided by x.
29
Let z = 594272 - 594216. Calculate the remainder when z is divided by (2/3)/(1/36).
8
Let c be 0 - -4 - (0 + 2). Let q(k) = 3 - 2*k + 0 - c. What is the remainder when 3 is divided by q(-1)?
0
Let a = 1 + 3. Suppose -5*h + 1225 = -68*h + 3304. Suppose -3*l + h = x, -x - 5 = -2*l + a*x. What is the remainder when 47 is divided by l?
7
Suppose -2446 = 26*t - 25430. Let w = -881 + t. Suppose 4*q = p + 2, -3*q - 9 = -2*q - 5*p. Calculate the remainder when w is divided by q.
0
Suppose 3*g - 15 = -0*g, -3*b = -5*g - 1277. Let f = -392 + b. Calculate the remainder when (-1728)/(-21) + 4/(-14) is divided by f.
40
Suppose 0 = 43*v - 34*v - 117. Let f = -42 + 44. What is the remainder when v is divided by f?
1
Let y = 2887 + -2756. Let b = -58 - -166. Suppose 0 = -4*o + 3*w + 79, -4*o = -2*w + 26 - b. Calculate the remainder when y is divided by o.
21
Let h(x) = -x**3 - x**2 + 4*x + 18. Let t be h(6). Let s = t + 223. Calculate the remainder when 19 is divided by s.
6
Suppose 5*j = -5*z + 470, -25*j + 92 = -24*j + 3*z. Calculate the remainder when j is divided by (-5)/10 - 105/(-2).
43
Let z = 49 + 12. Suppose -s - z = -27. Let t = -4 - s. Calculate the remainder when 54 is divided by t.
24
Suppose 13*k - 345 = 10*k. Let g be 16/(-6)*6/(-4) - 1. Calculate the remainder when k is divided by 73/g - 4/12.
19
Let o = 166 + 202. Suppose f - o = 190. Calculate the remainder when f is divided by 56.
54
Let u(d) = d**2 + 50*d + 668. What is the remainder when 571 is divided by u(-20)?
27
Let g = 5216 - 5113. What is the remainder when 3085 is divided by g?
98
Suppose 5*c + 333 = 4*y + 59, -2*y = -4*c - 134. What is the remainder when 335 is divided by y?
51
Let n(s) = -s**2 - 48*s - 109. What is the remainder when n(-4) is divided by 9?
4
Suppose 0 = m + 3*z - 42 - 41, -m + 111 = -z. Calculate the remainder when 226 is divided by m.
18
Let z = -28902 - -30134. Calculate the remainder when z is divided by 1.
0
What is the remainder when ((-3208)/14)/((-28)/294) is divided by 86?
84
Suppose 11*f + 5*c + 145 = 14*f, 2*f + c - 114 = 0. What is the remainder when 933 is divided by f?
53
Let j(f) = -3*f + 79. Let g(b) = -3*b + 80. Let m(w) = 5*g(w) - 6*j(w). Calculate the remainder when 82 is divided by m(27).
5
Suppose 5*g - 5356 = -2*m, m + 562*g - 2730 = 566*g. What is the remainder when m is divided by 90?
88
Suppose -w + 6 + 0 = 0. Suppose -w = n - 12. What is the remainder when 37 is divided by n?
1
Suppose -4*t = 3 - 23. Suppose c = -0*c + t. Suppose -3*k +